uppose 2*q - 654 - 82 = 0. What is the tens digit of q?
6
Suppose -n + k + 0*k = -9, 4*n - 31 = 5*k. What is the tens digit of n?
1
Let g(y) = -7*y - 27. What is the units digit of g(-14)?
1
Suppose 3*b - 8 = 2*b. Let f(y) = -8*y - 2*y**2 + 3 + 3*y**2 + 0. What is the units digit of f(b)?
3
Suppose k - 13 = -v, k + 6*v - v = -7. What is the tens digit of k?
1
Suppose 12*b = 11*b + 50. Let n = b - 27. What is the tens digit of n?
2
Suppose 0 = -4*t + 4*g + 12, -t - 15 = -5*t + 5*g. Let w(s) = -s + 1. Let h be w(t). What is the units digit of 28/10 + h/5?
3
Let u be (4/6)/(14/(-21)). Let j be 3 - (0 + (u - -1)). Suppose -j*t + 6*t = 33. What is the tens digit of t?
1
What is the units digit of 7469/55 - 1/(-5)?
6
Suppose a = -a. Suppose -4*c + 4 = -a. What is the units digit of ((-4)/4)/(c/(-5))?
5
Let a(r) = r - 12. Let g be a(6). Let q = -4 - g. What is the units digit of q?
2
Suppose -2*f = -6*f + 16. Suppose 0 = f*x - 8 - 32. What is the units digit of x?
0
Let n = 9 + 6. What is the tens digit of n?
1
Let y = 109 + -51. What is the tens digit of y?
5
Suppose 5*s = 6*s - 36. What is the units digit of s?
6
Let y = 5 + 0. Let l(g) be the third derivative of g**4/24 + g**3/6 + g**2. What is the units digit of l(y)?
6
Let w be (-5)/((-1 - 2)/3). Suppose -8 = -w*f + 12. Suppose -f*y = 3*o - 27, 0*y = y - 3. What is the units digit of o?
5
Let g(o) = o - 11. Let r(f) = f - 10. Let q(x) = 3*g(x) - 4*r(x). Let z be q(0). What is the units digit of z/((-1)/(-1)) + -2?
5
Suppose -3*t - 2*r = -15, -3 = 4*t + 2*r - 21. Suppose -3*u + 0*u = -t. Let w = 0 + u. What is the units digit of w?
1
Let s = -9 - -9. Let u be -11 - (s + 3)/1. Let n = u - -32. What is the units digit of n?
8
Suppose -33 = 3*y - 228. What is the tens digit of y?
6
Let f = 8 + -15. Let a(m) = -m**2 - 7*m + 5. Let p be a(f). Suppose -p*k + 3*k = -20. What is the units digit of k?
0
Let a(t) = 2*t**2 + 17*t - 10. What is the tens digit of a(-13)?
0
Let z = 13 + -20. What is the units digit of 9/1 + (-5 - z)?
1
Suppose 4*a - 6 = 14. Suppose -5 - 15 = -5*m. Suppose 4 = a*i - m*i. What is the units digit of i?
4
Suppose -2*i + 16 = -5*p - 6*i, 5*p - 20 = 5*i. Suppose 5*v - 18 = -4*x + 22, -5*x + v + 50 = p. What is the units digit of x?
0
Suppose 5*b - 174 = 216. What is the units digit of b?
8
Let b(w) = w**3 + 8*w**2 - w - 9. Let a be b(-8). Let l = a - 6. Let c = 12 + l. What is the units digit of c?
5
Let k = 9 + -7. Let y be (9/k)/((-6)/8). Let b = 20 + y. What is the tens digit of b?
1
Suppose -h + 19 = 3*s, -s - 3*s + 28 = 2*h. What is the units digit of h?
4
Let i(w) = -w**3 + 6*w**2 - 4*w + 6. Let r = 9 - 4. What is the units digit of i(r)?
1
Suppose 6*m - 36 = 2*m. Suppose -z + 10 = -c - 6, 0 = -5*z - 4*c + 53. Let i = z - m. What is the units digit of i?
4
Let q be (-22)/2 + (-18)/(-6). Let g = q + 15. What is the units digit of g?
7
Suppose 4 = 2*n + 5*o + 20, 0 = -2*n + 3*o + 16. Suppose 10 = n*k - 6. What is the units digit of k?
8
Let w(b) = 9*b - 18. What is the tens digit of w(8)?
5
Suppose o - 2 = 2. Suppose -o - 22 = -2*p. What is the units digit of p?
3
Suppose y = -2*y - 12. What is the units digit of 12/10*(-10)/y?
3
Suppose -6*a + 1714 = 304. What is the tens digit of a?
3
Let d = 48 - -12. What is the tens digit of d?
6
Let n be 4*(13/(-4) - 3). Let x be 30/n*(-15)/2. Suppose -2*z = -x + 3. What is the units digit of z?
3
Suppose 2*d = 3*d - m - 16, d + 5*m = 34. What is the units digit of d?
9
Let m(n) = -n + 3. Let v(d) = -d**3 + 6*d**2 + 2*d - 9. Let w be v(6). Let q be m(w). Suppose q*z = -z + 3. What is the units digit of z?
3
Suppose -30 = 5*l + 5*c, 4*l - 3*c + 40 + 19 = 0. What is the units digit of (l + (2 - -1))/(-1)?
8
Let z(v) = -2*v**2 + 2*v + 2. Let p be z(3). Let q be 8/(-20) - (-16)/p. What is the units digit of 5 + q*2/4?
4
Suppose 0*h = -h + 22. What is the tens digit of h?
2
Suppose 0*c - 4*c + 25 = -h, -3*c + 4*h = -22. Suppose -80 = -2*t - 5*b, 4*b = -t + c*t - 200. What is the units digit of t?
0
Let r(f) = f**2 - 6*f - 4. Let a be r(7). Suppose 18 = 2*x - 4*v, -2*x + 0*v + 13 = -a*v. Let b = x - -3. What is the units digit of b?
2
Let g(h) = h**2 + 4*h + 7. What is the units digit of g(-3)?
4
Suppose 74 = f - 198. What is the units digit of f?
2
Suppose 5*u - 533 = -2*i, 3*u - 1 = 2. What is the units digit of i?
4
Let b be (-4)/(-6) - (-204)/(-9). Let u = -6 - b. Let g = -11 + u. What is the units digit of g?
5
Let q = -5 + 14. What is the units digit of q?
9
Suppose 63 = -6*r + 1083. What is the units digit of r/51*63/5?
2
Suppose 110 + 186 = 4*m. What is the tens digit of m?
7
Suppose 0 = -3*c + c - 12. Let i(x) = -x**3 - 7*x**2 - 7*x - 5. What is the units digit of i(c)?
1
Let y(h) be the third derivative of -h**6/60 - h**5/30 + h**4/8 - 2*h**3/3 + 2*h**2. What is the tens digit of y(-3)?
2
Let h(n) = 63*n**3 + n**2 - n. What is the tens digit of h(1)?
6
Suppose 3*w + 61 + 185 = 0. Let l = 54 + w. Let v = 45 + l. What is the units digit of v?
7
Let g(t) = t + 1. Let r be g(-1). Suppose -s + 5 = r, 32 = 3*m - 2*m + 3*s. What is the tens digit of m?
1
Suppose j - 46 = -2. What is the units digit of j?
4
Let s = -674 - -1017. What is the units digit of s?
3
Suppose -3*b + c = -4, 0 = 5*b + 5*c - 26 + 6. What is the units digit of b?
2
Let r(x) = -5*x**2 - 2*x - 1. Let b be r(-1). Let y be (-3)/((-6)/b)*-5. What is the units digit of ((-4)/y)/((-1)/5)?
2
Let o be 62/8 - (-2)/8. Let z(r) = -r**3 + 7*r**2 + 7*r + 10. Let t be z(o). Suppose -4*c + 2*w = -6, -5*c = -0*w - t*w - 9. What is the units digit of c?
3
Suppose -s - 1199 = -5*r + s, -3*s - 6 = 0. What is the units digit of r?
9
Let m(q) = -q**3 + 12*q**2 - 7*q - 11. Let y be m(11). What is the tens digit of (-8)/44 - (-831)/y?
2
Suppose 4*s - 6 - 6 = 0. Let g be 2*(-3)/6*s. What is the units digit of g*6/(-9) - -6?
8
Let l = -94 - -280. What is the hundreds digit of l?
1
Suppose 2*o = o + 4*c + 399, -3*c - 1622 = -4*o. What is the tens digit of o?
0
Let a = -2 + 2. Suppose a*r - 2*r + 12 = 0. What is the units digit of r?
6
Let x(z) = z**3 + 4*z**2 + 4. Let j(f) = -6*f - 1. Let c be j(1). Let q(y) = -y**2 - 5*y + 10. Let w be q(c). What is the units digit of x(w)?
4
What is the units digit of 33/9 - 1/(15/10)?
3
Suppose -s + 0 = -5. Suppose s*j - 3 = 2. Suppose 3*n = 7 - j. What is the units digit of n?
2
Let t(q) = -2*q - 2*q + q. Let r be t(-1). Suppose r*m - 27 = -2*m + 4*a, 2*m + 3*a = -3. What is the units digit of m?
3
Suppose -3*t + x + 193 = t, 126 = 3*t + 3*x. What is the tens digit of t?
4
Let a = 345 + -210. What is the hundreds digit of a?
1
Let b be 28/8 - (-1)/(-2). Suppose -b*n - 5*g - 1 = 3, 2*n - g = 6. What is the units digit of n?
2
Suppose 5*o = 3*u - 15, 4*u + 3*o - 12 = 7*o. Suppose -g = -u*g. Suppose -3*r = -5*r + 3*h - 2, h - 2 = g. What is the units digit of r?
2
Let r(c) = 2*c + 79. Let i be r(0). Suppose -3*l = -5*l + h + i, -3*l + 135 = 4*h. What is the units digit of l?
1
Let k = -7 - -7. Suppose k = 5*r - 0*r - 205. What is the tens digit of r?
4
Suppose 2*q - 307 = -3*f, -q = -3*f - 6*q + 304. What is the hundreds digit of f?
1
Suppose 4*m - 24 = -3*g - 1, -5*g + 35 = 5*m. Suppose 0 = -m*w - 0 - 2. Let u = w - -13. What is the tens digit of u?
1
Suppose -5*r + 4*r = -42. What is the units digit of r?
2
Let m be 786/(-33) - (-4)/(-22). Let r be 20/(-6)*m/(-10). What is the units digit of ((-18)/r)/((-6)/(-16))?
6
Let f(h) = -41*h + 3. What is the units digit of f(-2)?
5
Suppose -4*o + 14 - 2 = 0. Let t(b) = 2*b**2 + 4 - 5*b**3 + 4*b**3 - o + b. What is the units digit of t(2)?
3
Let n(v) = -2 + 5*v + 0*v + v**2 + 3. What is the tens digit of n(-7)?
1
Suppose -2*z = -0*z + 4. Let l be 0 - 1 - z/2. Let p(q) = q**3 - q**2 - q + 3. What is the units digit of p(l)?
3
Let h(j) = j + 7. Let g be h(-8). Let p = g - -5. Suppose -6 = -m - p*b + 8*b, 4*m - 3*b = 24. What is the units digit of m?
6
Let k(s) = -s**3 - 15*s**2 - 2*s - 7. What is the units digit of k(-15)?
3
Let m(y) = -y**3 + 5*y**2 + 6. Let k(a) = a + 11. Let b be k(-6). Let g be m(b). Suppose 0 = t - 2*t + g. What is the units digit of t?
6
Let f(s) = -s**3 + 4*s**2 - 4*s + 1. Let r be f(3). Let u = 4 + r. Suppose -u*w = -4*w + 6. What is the units digit of w?
3
Let v be 105/5*(-1)/(-1). What is t